{"id":868,"date":"2024-08-19T13:36:48","date_gmt":"2024-08-19T16:36:48","guid":{"rendered":"https:\/\/ebetcursos.com.br\/?post_type=product&#038;p=868"},"modified":"2024-08-19T13:38:44","modified_gmt":"2024-08-19T16:38:44","slug":"curso-de-powerpoint","status":"publish","type":"product","link":"https:\/\/ebetcursos.com.br\/?product=curso-de-powerpoint","title":{"rendered":"Curso de PowerPoint"},"content":{"rendered":"","protected":false},"excerpt":{"rendered":"<p>Com o Powerpoint \u00e9 poss\u00edvel criar apresenta\u00e7\u00f5es profissionais, com textos, elementos gr\u00e1ficos, fotos, v\u00eddeos e muito mais. Muito utilizado em reuni\u00f5es de neg\u00f3cios para apresenta\u00e7\u00e3o de produtos, planos de marketing, etc. O estudantes tamb\u00e9m utilizam muito para apresenta\u00e7\u00e3o de trabalhos. Ensinar o aluno a criar apresenta\u00e7\u00f5es do zero, com conceitos importantes sobre a estrutura e o conte\u00fado da apresenta\u00e7\u00e3o, assim, o aluno aprender\u00e1 a utilizar os recursos da ferramenta e tamb\u00e9m ter\u00e1 conhecimento sobre como estruturar uma apresenta\u00e7\u00e3o profissional.<\/p>\n","protected":false},"featured_media":869,"comment_status":"open","ping_status":"closed","template":"","meta":[],"product_cat":[33],"product_tag":[],"class_list":{"0":"post-868","1":"product","2":"type-product","3":"status-publish","4":"has-post-thumbnail","6":"product_cat-afiliacoes","8":"first","9":"instock","10":"shipping-taxable","11":"product-type-external"},"_links":{"self":[{"href":"https:\/\/ebetcursos.com.br\/index.php?rest_route=\/wp\/v2\/product\/868","targetHints":{"allow":["GET"]}}],"collection":[{"href":"https:\/\/ebetcursos.com.br\/index.php?rest_route=\/wp\/v2\/product"}],"about":[{"href":"https:\/\/ebetcursos.com.br\/index.php?rest_route=\/wp\/v2\/types\/product"}],"replies":[{"embeddable":true,"href":"https:\/\/ebetcursos.com.br\/index.php?rest_route=%2Fwp%2Fv2%2Fcomments&post=868"}],"wp:featuredmedia":[{"embeddable":true,"href":"https:\/\/ebetcursos.com.br\/index.php?rest_route=\/wp\/v2\/media\/869"}],"wp:attachment":[{"href":"https:\/\/ebetcursos.com.br\/index.php?rest_route=%2Fwp%2Fv2%2Fmedia&parent=868"}],"wp:term":[{"taxonomy":"product_cat","embeddable":true,"href":"https:\/\/ebetcursos.com.br\/index.php?rest_route=%2Fwp%2Fv2%2Fproduct_cat&post=868"},{"taxonomy":"product_tag","embeddable":true,"href":"https:\/\/ebetcursos.com.br\/index.php?rest_route=%2Fwp%2Fv2%2Fproduct_tag&post=868"}],"curies":[{"name":"wp","href":"https:\/\/api.w.org\/{rel}","templated":true}]}}